it of u/(-18) + 105/18?
6
Suppose 2*k - 7*k + 130 = m, 85 = m - 4*k. What is the units digit of m?
5
Suppose 0 = -4*o + 5*z + 7, -z = -2*z + 1. What is the units digit of 9/(-4)*(-8)/o?
6
Let a(x) be the first derivative of x**3/3 - 9*x**2/2 + 11*x + 3. Let v be a(8). Suppose 6*f - v*f - 39 = 0. What is the units digit of f?
3
Suppose -5*s + 10 = -4*s. Suppose -1 = -u + s. What is the units digit of u?
1
Suppose -5*c + 491 + 44 = 0. What is the tens digit of c?
0
What is the hundreds digit of 4*2/4*(-2506)/(-28)?
1
Let i be 16/40 + (-13)/(-5). What is the units digit of (2 - i)/(3/(-42))?
4
Let u = 2 + 0. What is the units digit of 0 - u/((-2)/19)?
9
Suppose -c + 2 = -3*c. Let h(a) = -9*a**3 + a**2 - 1. What is the units digit of h(c)?
9
Let c = -5 - -13. Let o = c - 3. What is the units digit of o?
5
Let n be (-7)/((-1 - -3)/2). Let a(f) = f**2 + 7*f + 7. What is the units digit of a(n)?
7
Let w be 729/21 - (-2)/7. Let z = w - 50. What is the units digit of 18/z*(2 + -7)?
6
Suppose 0 = -d - 1, -5*d + 3 = -4*n + 6*n. Let p = n + 0. What is the units digit of p?
4
Let h be ((-8)/6 - -1)*0. Suppose h = -3*p + 2*p + 8. What is the units digit of p?
8
Let u = 3 - 5. Let v be -5 - (u/1 + 3). Let m(f) = f + 7. What is the units digit of m(v)?
1
Let k = -8 - -11. Let d = -2 + k. Let x = 13 - d. What is the tens digit of x?
1
Let t(m) = -m + 7. Let y be t(6). What is the units digit of (-3 + (-20)/(-2))*y?
7
Let g(l) be the second derivative of 1/4*l**4 - 2*l - l**2 - 1/6*l**3 + 0. What is the tens digit of g(-2)?
1
Suppose 0 = -2*f + 2 + 6, 36 = p - f. What is the units digit of p?
0
Let y(b) = b**3 - 5*b**2 - 6. What is the tens digit of y(6)?
3
Let y be ((-10)/6)/(4/(-12)). Suppose 0 = -3*u + y + 1. What is the units digit of u?
2
Suppose -2*u - j + 4*j = -86, -5*u + 225 = -5*j. What is the tens digit of u?
4
Suppose -2*n - w + 2*w = -57, 0 = n + 4*w - 6. Suppose -5*f + 4 = -n. What is the units digit of f?
6
What is the units digit of 6 + -2 + -2 + 39?
1
Let l = 6 - -4. What is the tens digit of 3 - 5/(l/(-16))?
1
Suppose -5*f = -2*x + 16, -5*f - 5 = 2*x - 1. Suppose -x*s = -43 - 26. What is the units digit of s?
3
Suppose 4*x - 21 = -0*j + 5*j, 2*x + 3*j - 5 = 0. Suppose -112 = -x*t - g + 4*g, -5*t + 5*g = -140. What is the tens digit of t?
2
Let q(x) = -x**2 - 8*x - 4. Let o be q(-5). Let z = 10 + o. What is the tens digit of z?
2
Suppose r = 6*r - 40. Suppose 6*s - 2*s - r = 0. Suppose -4*c + 2 = -s. What is the units digit of c?
1
Suppose -37 = -i + 26. What is the units digit of i?
3
Let x be 69/15 - 6/(-15). Suppose -x*r + 43 + 62 = 0. What is the units digit of r?
1
Let o = 9 + -6. Let g be 5*1*4/5. Let c = g - o. What is the units digit of c?
1
Suppose -y - 4*y = j - 123, 2*j + 29 = y. What is the units digit of y?
5
Suppose 60 = 5*t - 3*z, -4*t + z = 3 - 44. What is the units digit of t?
9
Let d = 23 - -105. What is the tens digit of d?
2
Suppose 17 = 3*y - 1. Suppose 0 = -2*j - 0 - y. What is the units digit of 15*(-2)/18*j?
5
Suppose 0 = -4*g + 13 + 3, 19 = t + 2*g. Let c(y) = -y**2 + 13*y - 3. What is the units digit of c(t)?
9
Let n be (6 + -4 - 2) + 39. Let w be (-12)/(-10)*(-15)/(-6). Suppose -3*i - w*t + n = i, 3*i - 39 = t. What is the tens digit of i?
1
Let x(j) = 10*j - 58. What is the units digit of x(11)?
2
Let c(p) = -p + 7. Let a be c(5). Let n = a + 7. Suppose 0 = -3*t + n, -4*t + 2*t - 14 = -2*u. What is the units digit of u?
0
Let z(n) = -n**3 - 3*n**2 + 4*n + 5. Let d be z(-4). Let y be (-2)/d + (-133)/5. What is the units digit of (10/15)/((-2)/y)?
9
Let s(f) be the third derivative of -f**4/24 + 3*f**3/2 - 2*f**2. Let c be s(0). Suppose -2*h + 29 = c. What is the tens digit of h?
1
Let b(t) be the first derivative of t**3/3 - 3*t**2/2 - 7*t + 2. Let a be b(5). Suppose -32 = -a*m - 11. What is the units digit of m?
7
Suppose -17 = -2*x + 29. Suppose 2*n + n = m + x, -5*m + 2*n - 63 = 0. Let i = 19 + m. What is the units digit of i?
8
Suppose 0 = 4*v - 6 + 2. Let w = v - -2. Suppose 12 = -n + w*n. What is the units digit of n?
6
Let y(f) be the second derivative of -f**3/6 + 37*f**2/2 - 4*f. What is the units digit of y(16)?
1
Let i(a) = -5*a. Let z be i(-3). Suppose -p + z - 14 = 0. What is the units digit of p?
1
Let b(q) = -q**3 - 4*q**2 + 5*q - 5. What is the tens digit of b(-6)?
3
Let b = 17 + -17. Suppose 2*f - 4*c = 4 - 2, b = 2*c - 10. What is the tens digit of f?
1
Let z be -10*((-156)/8 + 4). Suppose -5*m + 415 = z. What is the units digit of m?
2
Let l = 29 - 18. What is the tens digit of l?
1
Suppose -3*b + 21 = -0*b. Suppose 0 = -b*i + 2*i + 45. What is the units digit of i?
9
Let t(p) = p**2 - 3*p - 2. Let r be t(6). Let u = r - 5. What is the tens digit of u?
1
Let c(q) be the first derivative of -q**3/3 - 7*q**2/2 - 3*q - 2. Let j be c(-3). Suppose j = 2*v + v. What is the units digit of v?
3
Let h = 56 - -7. What is the tens digit of h?
6
Let k = -2 - -2. What is the units digit of (k + -3 + -47)/(-2)?
5
Suppose 0 = -z + 1 + 1. What is the units digit of 18 + z + 0/(-2)?
0
Suppose -4*h + 10 = -2*h. Suppose 1 + 9 = h*l. What is the units digit of l + (-1 - -3 - 2)?
2
Let h(q) = q**2 + 7*q + 4. Let j be h(-7). What is the units digit of 32/20*(j + 1)?
8
What is the hundreds digit of 0 + 173 - ((3 - -1) + 0)?
1
Let f = -19 - -12. Let g(b) = -b**2 - 7*b + 3. Let y be g(f). Suppose -a + 3 = y*j - 4*a, 5*j + 3*a - 5 = 0. What is the units digit of j?
1
Suppose -15 = 3*l - 0. Let v(o) be the second derivative of -o**4/12 - 7*o**3/6 - o. What is the units digit of v(l)?
0
Suppose 4*f + l = -9, 9 + 9 = -3*f + 3*l. Let g be (4/(-3))/(1/f). Suppose -4*k = g - 16. What is the units digit of k?
3
Suppose 60 = 2*j - 32. What is the units digit of j?
6
Suppose -b = -2*m - 24, -m - 12 = -0*m - 5*b. Let n = -18 - m. What is the units digit of (2/n)/(3/(-18))?
2
Let z(q) be the first derivative of -q**3/3 + 5*q**2 - 8*q - 3. What is the units digit of z(8)?
8
Suppose 0*a + 3*a - 39 = 0. Suppose a = -5*b + 48. What is the units digit of b?
7
Let c be (-1)/2*(-9 - -1). Let h be ((-2)/c)/(3/(-6)). Suppose 0 = -5*j + h + 24. What is the units digit of j?
5
Let q(j) be the first derivative of -7*j**2/2 - j + 4. Let c be q(3). Let b = 38 + c. What is the units digit of b?
6
Suppose -3*y + 9*y - 252 = 0. What is the units digit of y?
2
Let j = -196 + 434. Suppose 2*a - j = -4*c, 2*c + 82 = 3*c - 4*a. Suppose 5*g + 3*o + 12 = c, -g + 3*o = 8. What is the units digit of g?
7
Let p(c) = 7*c**2 - 2*c + 1. Let x be 0 + -1 + 2*1. What is the units digit of p(x)?
6
Let i = 11 - 2. What is the units digit of i?
9
What is the tens digit of 2 + -7 - 565/(-5)?
0
Let r(b) = -b**2 + 4*b. Let d be r(4). Suppose d = -3*z + 4*z - 3. Suppose 11 = 2*h + z. What is the units digit of h?
4
Suppose 4*o + 29 = -11. Let y = 20 + o. What is the units digit of y?
0
Suppose -4*b = 5*r + 21, 3*r = 1 - 4. Let q be -1*1*(6 - 0). What is the units digit of (-57)/q - (-2)/b?
9
Suppose -1 = c, z - 5*c - 59 = -z. Suppose 2 + z = b. What is the tens digit of b?
2
Let p(s) = s**2 + 17*s + 10. What is the units digit of p(-17)?
0
Let a(f) = 10*f**2. What is the units digit of a(-1)?
0
Let a(l) = l - 15. Let b(f) = 2*f - 29. Let r(x) = 7*a(x) - 4*b(x). What is the units digit of r(5)?
6
Let f = -7 + 5. Let g = 4 + f. What is the units digit of 130/35 + g/7?
4
Suppose 3*a - 40 = -2*a. Let d = -3 + -2. Let r = d + a. What is the units digit of r?
3
Let u(b) = -b + 12. Let r be u(10). Suppose 3*c + 2*x = x + 30, -r*x + 16 = 2*c. What is the tens digit of c?
1
Let y(i) = -2*i - 6. Let s(q) = 2 + q**3 - 10*q**2 + 20*q**2 - q + 2*q. Let n be s(-10). What is the tens digit of y(n)?
1
Let r be 414/21 + 4/14. What is the units digit of 132/r - 4/(-10)?
7
Suppose 0 = -4*f - 3*l + 1080, -334 = 5*f + l - 1673. What is the units digit of f?
7
Let d = 10 - 3. Suppose -d*m + 8*m = 17. What is the tens digit of m?
1
Let v = 65 - 7. What is the tens digit of v?
5
Let s = -1 + -1. Let u be (s - -5) + 0 + -1. Suppose -3*r + 0*z + 27 = u*z, -5*r - 2*z + 49 = 0. What is the units digit of r?
1
Let l = -426 - -657. What is the tens digit of l?
3
Let d be (-3)/15 + 1/5. Suppose -4*x + 5 - 1 = d. Let b(s) = 8*s**3 - 2*s**2 + 2*s - 1. What is the units digit of b(x)?
7
Let w = -72 + 5